{"id":246,"date":"2022-05-02T10:21:18","date_gmt":"2022-05-02T10:21:18","guid":{"rendered":"http:\/\/fm.fullcircle.es\/?page_id=246"},"modified":"2024-01-23T12:57:34","modified_gmt":"2024-01-23T11:57:34","slug":"cajon-flamenco","status":"publish","type":"page","link":"https:\/\/flamencomadrid.com\/it\/strumenti-del-flamenco\/scatula-flamenco\/","title":{"rendered":"Scatula flamenco"},"content":{"rendered":"<p><\/p>\n<h2>Il caj\u00f3n diventa flamenco<\/h2>\n<p>Proprio cos\u00ec, \u00e8 diventato, \u00e8 arrivato in Spagna <strong>e ha iniziato a far parte del flamenco nel 1977<\/strong> grazie al grande <em><strong>Paco de Luc\u00eda.<\/strong><\/em><\/p>\n<p>Fu durante un&#8217;esibizione all&#8217;Ambasciata di Spagna a Lima che il chitarrista rimase impressionato dopo aver visto il cantante <em><strong>Chabuca Grand<\/strong><strong>a<\/strong><\/em> esibirsi con il caj\u00f3n.<\/p>\n<p>Quando<strong> Paco de Luc\u00eda scopr\u00ec questo suono<\/strong>, non ebbe dubbi che sarebbe stato un <strong>accompagnamento percussivo perfetto per il flamenco,<\/strong> cos\u00ec decise di esportarne un po&#8217; in Spagna. Non si sbagliava, perch\u00e9 oggi \u00e8 cos\u00ec che lo concepiscono tutti gli amanti del flamenco.<\/p>","protected":false},"excerpt":{"rendered":"Il caj\u00f3n diventa flamenco Proprio cos\u00ec, \u00e8 diventato, \u00e8 arrivato in Spagna e ha iniziato a far parte del flamenco nel 1977 grazie al grande Paco de Luc\u00eda. Fu durante un&#8217;esibizione all&#8217;Ambasciata di Spagna a Lima che il chitarrista rimase impressionato dopo aver visto il cantante Chabuca Granda esibirsi con il caj\u00f3n. Quando Paco de&#8230;","protected":false},"author":1,"featured_media":392,"parent":152,"menu_order":2,"comment_status":"closed","ping_status":"closed","template":"templates\/instruments.php","meta":{"_acf_changed":false,"footnotes":""},"class_list":["post-246","page","type-page","status-publish","has-post-thumbnail","hentry"],"acf":[],"yoast_head":"<!-- This site is optimized with the Yoast SEO plugin v27.4 - https:\/\/yoast.com\/product\/yoast-seo-wordpress\/ -->\n<title>Scatula flamenco - Flamenco Madrid<\/title>\n<meta name=\"robots\" content=\"index, follow, max-snippet:-1, max-image-preview:large, max-video-preview:-1\" \/>\n<link rel=\"canonical\" href=\"\/\" \/>\n<meta property=\"og:locale\" content=\"it_IT\" \/>\n<meta property=\"og:type\" content=\"article\" \/>\n<meta property=\"og:title\" content=\"Scatula flamenco - Flamenco Madrid\" \/>\n<meta property=\"og:description\" content=\"Il caj\u00f3n diventa flamenco Proprio cos\u00ec, \u00e8 diventato, \u00e8 arrivato in Spagna e ha iniziato a far parte del flamenco nel 1977 grazie al grande Paco de Luc\u00eda. Fu durante un&#8217;esibizione all&#8217;Ambasciata di Spagna a Lima che il chitarrista rimase impressionato dopo aver visto il cantante Chabuca Granda esibirsi con il caj\u00f3n. Quando Paco de...\" \/>\n<meta property=\"og:url\" content=\"https:\/\/flamencomadrid.com\/it\/instrumentos-para-el-flamenco\/cajon-flamenco\/\" \/>\n<meta property=\"og:site_name\" content=\"Flamenco Madrid\" \/>\n<meta property=\"article:modified_time\" content=\"2024-01-23T11:57:34+00:00\" \/>\n<meta property=\"og:image\" content=\"https:\/\/flamencomadrid.com\/wp-content\/uploads\/2022\/05\/instrumentos-para-el-flamenco-03.jpg\" \/>\n\t<meta property=\"og:image:width\" content=\"700\" \/>\n\t<meta property=\"og:image:height\" content=\"400\" \/>\n\t<meta property=\"og:image:type\" content=\"image\/jpeg\" \/>\n<meta name=\"twitter:card\" content=\"summary_large_image\" \/>\n<meta name=\"twitter:label1\" content=\"Tempo di lettura stimato\" \/>\n\t<meta name=\"twitter:data1\" content=\"1 minuto\" \/>\n<script type=\"application\/ld+json\" class=\"yoast-schema-graph\">{\"@context\":\"https:\\\/\\\/schema.org\",\"@graph\":[{\"@type\":\"WebPage\",\"@id\":\"https:\\\/\\\/flamencomadrid.com\\\/it\\\/instrumentos-para-el-flamenco\\\/cajon-flamenco\\\/\",\"url\":\"https:\\\/\\\/flamencomadrid.com\\\/it\\\/instrumentos-para-el-flamenco\\\/cajon-flamenco\\\/\",\"name\":\"Scatula flamenco - Flamenco Madrid\",\"isPartOf\":{\"@id\":\"https:\\\/\\\/flamencomadrid.com\\\/it\\\/#website\"},\"primaryImageOfPage\":{\"@id\":\"https:\\\/\\\/flamencomadrid.com\\\/it\\\/instrumentos-para-el-flamenco\\\/cajon-flamenco\\\/#primaryimage\"},\"image\":{\"@id\":\"https:\\\/\\\/flamencomadrid.com\\\/es\\\/instrumentos-para-el-flamenco\\\/cajon-flamenco\\\/#primaryimage\"},\"thumbnailUrl\":\"https:\\\/\\\/flamencomadrid.com\\\/wp-content\\\/uploads\\\/2022\\\/05\\\/instrumentos-para-el-flamenco-03.jpg\",\"datePublished\":\"2022-05-02T10:21:18+00:00\",\"dateModified\":\"2024-01-23T11:57:34+00:00\",\"breadcrumb\":{\"@id\":\"https:\\\/\\\/flamencomadrid.com\\\/it\\\/instrumentos-para-el-flamenco\\\/cajon-flamenco\\\/#breadcrumb\"},\"inLanguage\":\"it-IT\",\"potentialAction\":[{\"@type\":\"ReadAction\",\"target\":[[\"https:\\\/\\\/flamencomadrid.com\\\/it\\\/instrumentos-para-el-flamenco\\\/cajon-flamenco\\\/\"]]}]},{\"@type\":\"ImageObject\",\"inLanguage\":\"it-IT\",\"@id\":\"https:\\\/\\\/flamencomadrid.com\\\/it\\\/instrumentos-para-el-flamenco\\\/cajon-flamenco\\\/#primaryimage\",\"url\":\"https:\\\/\\\/flamencomadrid.com\\\/wp-content\\\/uploads\\\/2022\\\/05\\\/instrumentos-para-el-flamenco-03.jpg\",\"contentUrl\":\"https:\\\/\\\/flamencomadrid.com\\\/wp-content\\\/uploads\\\/2022\\\/05\\\/instrumentos-para-el-flamenco-03.jpg\",\"width\":700,\"height\":400},{\"@type\":\"BreadcrumbList\",\"@id\":\"https:\\\/\\\/flamencomadrid.com\\\/it\\\/instrumentos-para-el-flamenco\\\/cajon-flamenco\\\/#breadcrumb\",\"itemListElement\":[{\"@type\":\"ListItem\",\"position\":1,\"name\":\"Home\",\"item\":\"https:\\\/\\\/flamencomadrid.com\\\/it\\\/\"},{\"@type\":\"ListItem\",\"position\":2,\"name\":\"Instrumentos para el Flamenco\",\"item\":\"https:\\\/\\\/flamencomadrid.com\\\/it\\\/instrumentos-para-el-flamenco\\\/\"},{\"@type\":\"ListItem\",\"position\":3,\"name\":\"Caj\u00f3n flamenco\"}]},{\"@type\":\"WebSite\",\"@id\":\"https:\\\/\\\/flamencomadrid.com\\\/it\\\/#website\",\"url\":\"https:\\\/\\\/flamencomadrid.com\\\/it\\\/\",\"name\":\"Flamenco Madrid\",\"description\":\"Otro sitio realizado con WordPress\",\"potentialAction\":[{\"@type\":\"SearchAction\",\"target\":{\"@type\":\"EntryPoint\",\"urlTemplate\":\"https:\\\/\\\/flamencomadrid.com\\\/it\\\/?s={search_term_string}\"},\"query-input\":{\"@type\":\"PropertyValueSpecification\",\"valueRequired\":true,\"valueName\":\"search_term_string\"}}],\"inLanguage\":\"it-IT\"}]}<\/script>\n<!-- \/ Yoast SEO plugin. -->","yoast_head_json":{"title":"Scatula flamenco - Flamenco Madrid","robots":{"index":"index","follow":"follow","max-snippet":"max-snippet:-1","max-image-preview":"max-image-preview:large","max-video-preview":"max-video-preview:-1"},"canonical":"\/","og_locale":"it_IT","og_type":"article","og_title":"Scatula flamenco - Flamenco Madrid","og_description":"Il caj\u00f3n diventa flamenco Proprio cos\u00ec, \u00e8 diventato, \u00e8 arrivato in Spagna e ha iniziato a far parte del flamenco nel 1977 grazie al grande Paco de Luc\u00eda. Fu durante un&#8217;esibizione all&#8217;Ambasciata di Spagna a Lima che il chitarrista rimase impressionato dopo aver visto il cantante Chabuca Granda esibirsi con il caj\u00f3n. Quando Paco de...","og_url":"https:\/\/flamencomadrid.com\/it\/instrumentos-para-el-flamenco\/cajon-flamenco\/","og_site_name":"Flamenco Madrid","article_modified_time":"2024-01-23T11:57:34+00:00","og_image":[{"width":700,"height":400,"url":"https:\/\/flamencomadrid.com\/wp-content\/uploads\/2022\/05\/instrumentos-para-el-flamenco-03.jpg","type":"image\/jpeg"}],"twitter_card":"summary_large_image","twitter_misc":{"Tempo di lettura stimato":"1 minuto"},"schema":{"@context":"https:\/\/schema.org","@graph":[{"@type":"WebPage","@id":"https:\/\/flamencomadrid.com\/it\/instrumentos-para-el-flamenco\/cajon-flamenco\/","url":"https:\/\/flamencomadrid.com\/it\/instrumentos-para-el-flamenco\/cajon-flamenco\/","name":"Scatula flamenco - Flamenco Madrid","isPartOf":{"@id":"https:\/\/flamencomadrid.com\/it\/#website"},"primaryImageOfPage":{"@id":"https:\/\/flamencomadrid.com\/it\/instrumentos-para-el-flamenco\/cajon-flamenco\/#primaryimage"},"image":{"@id":"https:\/\/flamencomadrid.com\/es\/instrumentos-para-el-flamenco\/cajon-flamenco\/#primaryimage"},"thumbnailUrl":"https:\/\/flamencomadrid.com\/wp-content\/uploads\/2022\/05\/instrumentos-para-el-flamenco-03.jpg","datePublished":"2022-05-02T10:21:18+00:00","dateModified":"2024-01-23T11:57:34+00:00","breadcrumb":{"@id":"https:\/\/flamencomadrid.com\/it\/instrumentos-para-el-flamenco\/cajon-flamenco\/#breadcrumb"},"inLanguage":"it-IT","potentialAction":[{"@type":"ReadAction","target":[["https:\/\/flamencomadrid.com\/it\/instrumentos-para-el-flamenco\/cajon-flamenco\/"]]}]},{"@type":"ImageObject","inLanguage":"it-IT","@id":"https:\/\/flamencomadrid.com\/it\/instrumentos-para-el-flamenco\/cajon-flamenco\/#primaryimage","url":"https:\/\/flamencomadrid.com\/wp-content\/uploads\/2022\/05\/instrumentos-para-el-flamenco-03.jpg","contentUrl":"https:\/\/flamencomadrid.com\/wp-content\/uploads\/2022\/05\/instrumentos-para-el-flamenco-03.jpg","width":700,"height":400},{"@type":"BreadcrumbList","@id":"https:\/\/flamencomadrid.com\/it\/instrumentos-para-el-flamenco\/cajon-flamenco\/#breadcrumb","itemListElement":[{"@type":"ListItem","position":1,"name":"Home","item":"https:\/\/flamencomadrid.com\/it\/"},{"@type":"ListItem","position":2,"name":"Instrumentos para el Flamenco","item":"https:\/\/flamencomadrid.com\/it\/instrumentos-para-el-flamenco\/"},{"@type":"ListItem","position":3,"name":"Caj\u00f3n flamenco"}]},{"@type":"WebSite","@id":"https:\/\/flamencomadrid.com\/it\/#website","url":"https:\/\/flamencomadrid.com\/it\/","name":"Flamenco Madrid","description":"Otro sitio realizado con WordPress","potentialAction":[{"@type":"SearchAction","target":{"@type":"EntryPoint","urlTemplate":"https:\/\/flamencomadrid.com\/it\/?s={search_term_string}"},"query-input":{"@type":"PropertyValueSpecification","valueRequired":true,"valueName":"search_term_string"}}],"inLanguage":"it-IT"}]}},"_links":{"self":[{"href":"https:\/\/flamencomadrid.com\/it\/wp-json\/wp\/v2\/pages\/246","targetHints":{"allow":["GET"]}}],"collection":[{"href":"https:\/\/flamencomadrid.com\/it\/wp-json\/wp\/v2\/pages"}],"about":[{"href":"https:\/\/flamencomadrid.com\/it\/wp-json\/wp\/v2\/types\/page"}],"author":[{"embeddable":true,"href":"https:\/\/flamencomadrid.com\/it\/wp-json\/wp\/v2\/users\/1"}],"replies":[{"embeddable":true,"href":"https:\/\/flamencomadrid.com\/it\/wp-json\/wp\/v2\/comments?post=246"}],"version-history":[{"count":7,"href":"https:\/\/flamencomadrid.com\/it\/wp-json\/wp\/v2\/pages\/246\/revisions"}],"predecessor-version":[{"id":1001,"href":"https:\/\/flamencomadrid.com\/it\/wp-json\/wp\/v2\/pages\/246\/revisions\/1001"}],"up":[{"embeddable":true,"href":"https:\/\/flamencomadrid.com\/it\/wp-json\/wp\/v2\/pages\/152"}],"wp:featuredmedia":[{"embeddable":true,"href":"https:\/\/flamencomadrid.com\/it\/wp-json\/wp\/v2\/media\/392"}],"wp:attachment":[{"href":"https:\/\/flamencomadrid.com\/it\/wp-json\/wp\/v2\/media?parent=246"}],"curies":[{"name":"wp","href":"https:\/\/api.w.org\/{rel}","templated":true}]}}

<p></p>
<h2>Il cajón diventa flamenco</h2>
<p>Proprio così, è diventato, è arrivato in Spagna <strong>e ha iniziato a far parte del flamenco nel 1977</strong> grazie al grande <em><strong>Paco de Lucía.</strong></em></p>
<p>Fu durante un&#8217;esibizione all&#8217;Ambasciata di Spagna a Lima che il chitarrista rimase impressionato dopo aver visto il cantante <em><strong>Chabuca Grand</strong><strong>a</strong></em> esibirsi con il cajón.</p>
<p>Quando<strong> Paco de Lucía scoprì questo suono</strong>, non ebbe dubbi che sarebbe stato un <strong>accompagnamento percussivo perfetto per il flamenco,</strong> così decise di esportarne un po&#8217; in Spagna. Non si sbagliava, perché oggi è così che lo concepiscono tutti gli amanti del flamenco.</p>

Il cajón diventa flamenco Proprio così, è diventato, è arrivato in Spagna e ha iniziato a far parte del flamenco nel 1977 grazie al grande Paco de Lucía. Fu durante un&#8217;esibizione all&#8217;Ambasciata di Spagna a Lima che il chitarrista rimase impressionato dopo aver visto il cantante Chabuca Granda esibirsi con il cajón. Quando Paco de&#8230;

<!-- This site is optimized with the Yoast SEO plugin v27.4 - https://yoast.com/product/yoast-seo-wordpress/ -->
<title>Scatula flamenco - Flamenco Madrid</title>
<meta name="robots" content="index, follow, max-snippet:-1, max-image-preview:large, max-video-preview:-1" />
<link rel="canonical" href="/" />
<meta property="og:locale" content="it_IT" />
<meta property="og:type" content="article" />
<meta property="og:title" content="Scatula flamenco - Flamenco Madrid" />
<meta property="og:description" content="Il cajón diventa flamenco Proprio così, è diventato, è arrivato in Spagna e ha iniziato a far parte del flamenco nel 1977 grazie al grande Paco de Lucía. Fu durante un&#8217;esibizione all&#8217;Ambasciata di Spagna a Lima che il chitarrista rimase impressionato dopo aver visto il cantante Chabuca Granda esibirsi con il cajón. Quando Paco de..." />
<meta property="og:url" content="https://flamencomadrid.com/it/instrumentos-para-el-flamenco/cajon-flamenco/" />
<meta property="og:site_name" content="Flamenco Madrid" />
<meta property="article:modified_time" content="2024-01-23T11:57:34+00:00" />
<meta property="og:image" content="https://flamencomadrid.com/wp-content/uploads/2022/05/instrumentos-para-el-flamenco-03.jpg" />
	<meta property="og:image:width" content="700" />
	<meta property="og:image:height" content="400" />
	<meta property="og:image:type" content="image/jpeg" />
<meta name="twitter:card" content="summary_large_image" />
<meta name="twitter:label1" content="Tempo di lettura stimato" />
	<meta name="twitter:data1" content="1 minuto" />
<script type="application/ld+json" class="yoast-schema-graph">{"@context":"https:\/\/schema.org","@graph":[{"@type":"WebPage","@id":"https:\/\/flamencomadrid.com\/it\/instrumentos-para-el-flamenco\/cajon-flamenco\/","url":"https:\/\/flamencomadrid.com\/it\/instrumentos-para-el-flamenco\/cajon-flamenco\/","name":"Scatula flamenco - Flamenco Madrid","isPartOf":{"@id":"https:\/\/flamencomadrid.com\/it\/#website"},"primaryImageOfPage":{"@id":"https:\/\/flamencomadrid.com\/it\/instrumentos-para-el-flamenco\/cajon-flamenco\/#primaryimage"},"image":{"@id":"https:\/\/flamencomadrid.com\/es\/instrumentos-para-el-flamenco\/cajon-flamenco\/#primaryimage"},"thumbnailUrl":"https:\/\/flamencomadrid.com\/wp-content\/uploads\/2022\/05\/instrumentos-para-el-flamenco-03.jpg","datePublished":"2022-05-02T10:21:18+00:00","dateModified":"2024-01-23T11:57:34+00:00","breadcrumb":{"@id":"https:\/\/flamencomadrid.com\/it\/instrumentos-para-el-flamenco\/cajon-flamenco\/#breadcrumb"},"inLanguage":"it-IT","potentialAction":[{"@type":"ReadAction","target":[["https:\/\/flamencomadrid.com\/it\/instrumentos-para-el-flamenco\/cajon-flamenco\/"]]}]},{"@type":"ImageObject","inLanguage":"it-IT","@id":"https:\/\/flamencomadrid.com\/it\/instrumentos-para-el-flamenco\/cajon-flamenco\/#primaryimage","url":"https:\/\/flamencomadrid.com\/wp-content\/uploads\/2022\/05\/instrumentos-para-el-flamenco-03.jpg","contentUrl":"https:\/\/flamencomadrid.com\/wp-content\/uploads\/2022\/05\/instrumentos-para-el-flamenco-03.jpg","width":700,"height":400},{"@type":"BreadcrumbList","@id":"https:\/\/flamencomadrid.com\/it\/instrumentos-para-el-flamenco\/cajon-flamenco\/#breadcrumb","itemListElement":[{"@type":"ListItem","position":1,"name":"Home","item":"https:\/\/flamencomadrid.com\/it\/"},{"@type":"ListItem","position":2,"name":"Instrumentos para el Flamenco","item":"https:\/\/flamencomadrid.com\/it\/instrumentos-para-el-flamenco\/"},{"@type":"ListItem","position":3,"name":"Cajón flamenco"}]},{"@type":"WebSite","@id":"https:\/\/flamencomadrid.com\/it\/#website","url":"https:\/\/flamencomadrid.com\/it\/","name":"Flamenco Madrid","description":"Otro sitio realizado con WordPress","potentialAction":[{"@type":"SearchAction","target":{"@type":"EntryPoint","urlTemplate":"https:\/\/flamencomadrid.com\/it\/?s={search_term_string}"},"query-input":{"@type":"PropertyValueSpecification","valueRequired":true,"valueName":"search_term_string"}}],"inLanguage":"it-IT"}]}</script>
<!-- / Yoast SEO plugin. -->

Il cajón diventa flamenco Proprio così, è diventato, è arrivato in Spagna e ha iniziato a far parte del flamenco nel 1977 grazie al grande Paco de Lucía. Fu durante un&#8217;esibizione all&#8217;Ambasciata di Spagna a Lima che il chitarrista rimase impressionato dopo aver visto il cantante Chabuca Granda esibirsi con il cajón. Quando Paco de...

Cajón flamenco
