{"id":3,"date":"2022-04-26T14:12:31","date_gmt":"2022-04-26T14:12:31","guid":{"rendered":"http:\/\/fm.fullcircle.es\/?page_id=3"},"modified":"2023-01-05T08:55:46","modified_gmt":"2023-01-05T07:55:46","slug":"politica-privacidad","status":"publish","type":"page","link":"https:\/\/flamencomadrid.com\/fr\/politica-privacidad\/","title":{"rendered":"Pol\u00edtica de privacidad"},"content":{"rendered":"<p class=\"qtranxs-available-languages-message qtranxs-available-languages-message-fr\">D\u00e9sol\u00e9. La page n'est pas disponible.<\/p><h2 class=\"wp-block-heading\">Qui\u00e9nes somos<\/h2>\r\n\r\n<p>&nbsp;<\/p>\r\n\r\n<p>La direcci\u00f3n de nuestra web es: https:\/\/flamencomadrid.com\/es\/<\/p>\r\n<p>En cumplimiento con el art\u00edculo 10 de la Ley 34\/2002, del 11 de julio, de servicios de la Sociedad de la Informaci\u00f3n y Comercio Electr\u00f3nico (LSSICE), los datos identificativos de la empresa titular son: Vergers 31 SL (a partir de ahora \u2018Vergers 31\u2019) CIF B87181905; inscrita en el Registro Mercantil de Madrid, T 32980 , F 118, S 8, H M 593648, I\/A 1 ( 5.01.15); con domicilio en calle Concepci\u00f3n Jer\u00f3nima 31, 28014 de Madrid (Espa\u00f1a).<\/p>\r\n\r\n<p>&nbsp;<\/p>\r\n\r\n<h2 class=\"wp-block-heading\">Comentarios<\/h2>\r\n\r\n<p>&nbsp;<\/p>\r\n\r\n<p>Cuando los visitantes dejan comentarios en la web, recopilamos los datos que se muestran en el formulario de comentarios, as\u00ed como la direcci\u00f3n IP del visitante y la cadena de agentes de usuario del navegador para ayudar a la detecci\u00f3n de spam.<\/p>\r\n\r\n<p>&nbsp;<\/p>\r\n\r\n<p>Una cadena an\u00f3nima creada a partir de tu direcci\u00f3n de correo electr\u00f3nico (tambi\u00e9n llamada hash) puede ser proporcionada al servicio de Gravatar para ver si la est\u00e1s usando. La pol\u00edtica de privacidad del servicio Gravatar est\u00e1 disponible aqu\u00ed: https:\/\/automattic.com\/privacy\/. Despu\u00e9s de la aprobaci\u00f3n de tu comentario, la imagen de tu perfil es visible para el p\u00fablico en el contexto de tu comentario.<\/p>\r\n\r\n<p>&nbsp;<\/p>\r\n\r\n<p>&nbsp;<\/p>\r\n\r\n<h2 class=\"wp-block-heading\">Cookies<\/h2>\r\n\r\n<p>&nbsp;<\/p>\r\n\r\n<p>Si dejas un comentario en nuestro sitio puedes elegir guardar tu nombre, direcci\u00f3n de correo electr\u00f3nico y web en cookies. Esto es para tu comodidad, para que no tengas que volver a rellenar tus datos cuando dejes otro comentario. Estas cookies tendr\u00e1n una duraci\u00f3n de un a\u00f1o.<\/p>\r\n\r\n<p>&nbsp;<\/p>\r\n\r\n<p>Si tienes una cuenta y te conectas a este sitio, instalaremos una cookie temporal para determinar si tu navegador acepta cookies. Esta cookie no contiene datos personales y se elimina al cerrar el navegador.<\/p>\r\n\r\n<p>&nbsp;<\/p>\r\n\r\n<p>Cuando accedas, tambi\u00e9n instalaremos varias cookies para guardar tu informaci\u00f3n de acceso y tus opciones de visualizaci\u00f3n de pantalla. Las cookies de acceso duran dos d\u00edas, y las cookies de opciones de pantalla duran un a\u00f1o. Si seleccionas \u00abRecu\u00e9rdarme\u00bb, tu acceso perdurar\u00e1 durante dos semanas. Si sales de tu cuenta, las cookies de acceso se eliminar\u00e1n.<\/p>\r\n\r\n<p>&nbsp;<\/p>\r\n\r\n<p>&nbsp;<\/p>\r\n\r\n<h2 class=\"wp-block-heading\">Contenido incrustado de otros sitios web<\/h2>\r\n\r\n<p>&nbsp;<\/p>\r\n\r\n<p>Los art\u00edculos de este sitio pueden incluir contenido incrustado (por ejemplo, v\u00eddeos, im\u00e1genes, art\u00edculos, etc.). El contenido incrustado de otras webs se comporta exactamente de la misma manera que si el visitante hubiera visitado la otra web.<\/p>\r\n\r\n<p>&nbsp;<\/p>\r\n\r\n<p>Estas web pueden recopilar datos sobre ti, utilizar cookies, incrustar un seguimiento adicional de terceros, y supervisar tu interacci\u00f3n con ese contenido incrustado, incluido el seguimiento de tu interacci\u00f3n con el contenido incrustado si tienes una cuenta y est\u00e1s conectado a esa web.<\/p>\r\n\r\n<p>&nbsp;<\/p>\r\n\r\n<h2 class=\"wp-block-heading\">Con qui\u00e9n compartimos tus datos<\/h2>\r\n\r\n<p>&nbsp;<\/p>\r\n\r\n<p>Si solicitas un restablecimiento de contrase\u00f1a, tu direcci\u00f3n IP ser\u00e1 incluida en el correo electr\u00f3nico de restablecimiento.<\/p>\r\n\r\n<p>&nbsp;<\/p>\r\n\r\n<h2 class=\"wp-block-heading\">Cu\u00e1nto tiempo conservamos tus datos<\/h2>\r\n\r\n<p>&nbsp;<\/p>\r\n\r\n<p>Si dejas un comentario, el comentario y sus metadatos se conservan indefinidamente. Esto es para que podamos reconocer y aprobar comentarios sucesivos autom\u00e1ticamente, en lugar de mantenerlos en una cola de moderaci\u00f3n.<\/p>\r\n\r\n<p>&nbsp;<\/p>\r\n\r\n<p>De los usuarios que se registran en nuestra web (si los hay), tambi\u00e9n almacenamos la informaci\u00f3n personal que proporcionan en su perfil de usuario. Todos los usuarios pueden ver, editar o eliminar su informaci\u00f3n personal en cualquier momento (excepto que no pueden cambiar su nombre de usuario). Los administradores de la web tambi\u00e9n pueden ver y editar esa informaci\u00f3n.<\/p>\r\n\r\n<p>&nbsp;<\/p>\r\n\r\n<h2 class=\"wp-block-heading\">Qu\u00e9 derechos tienes sobre tus datos<\/h2>\r\n\r\n<p>&nbsp;<\/p>\r\n\r\n<p>Si tienes una cuenta o has dejado comentarios en esta web, puedes solicitar recibir un archivo de exportaci\u00f3n de los datos personales que tenemos sobre ti, incluyendo cualquier dato que nos hayas proporcionado. Tambi\u00e9n puedes solicitar que eliminemos cualquier dato personal que tengamos sobre ti. Esto no incluye ning\u00fan dato que estemos obligados a conservar con fines administrativos, legales o de seguridad.<\/p>\r\n\r\n<p>&nbsp;<\/p>\r\n\r\n<h2 class=\"wp-block-heading\">D\u00f3nde enviamos tus datos<\/h2>\r\n\r\n<p>&nbsp;<\/p>\r\n\r\n<p>Los comentarios de los visitantes puede que los revise un servicio de detecci\u00f3n autom\u00e1tica de spam.<\/p>","protected":false},"excerpt":{"rendered":"D\u00e9sol\u00e9. La page n&rsquo;est pas disponible. Qui\u00e9nes somos &nbsp; La direcci\u00f3n de nuestra web es: https:\/\/flamencomadrid.com\/es\/ En cumplimiento con el art\u00edculo 10 de la Ley 34\/2002, del 11 de julio, de servicios de la Sociedad de la Informaci\u00f3n y Comercio Electr\u00f3nico (LSSICE), los datos identificativos de la empresa titular son: Vergers 31 SL (a partir&#8230;","protected":false},"author":1,"featured_media":0,"parent":0,"menu_order":21,"comment_status":"closed","ping_status":"closed","template":"","meta":{"_acf_changed":false,"footnotes":""},"class_list":["post-3","page","type-page","status-publish","hentry"],"acf":[],"yoast_head":"<!-- This site is optimized with the Yoast SEO plugin v27.4 - https:\/\/yoast.com\/product\/yoast-seo-wordpress\/ -->\n<title>Pol\u00edtica de privacidad - Flamenco Madrid<\/title>\n<meta name=\"robots\" content=\"index, follow, max-snippet:-1, max-image-preview:large, max-video-preview:-1\" \/>\n<link rel=\"canonical\" href=\"\/\" \/>\n<meta property=\"og:locale\" content=\"fr_FR\" \/>\n<meta property=\"og:type\" content=\"article\" \/>\n<meta property=\"og:title\" content=\"Pol\u00edtica de privacidad - Flamenco Madrid\" \/>\n<meta property=\"og:description\" content=\"D\u00e9sol\u00e9. La page n&#039;est pas disponible. Qui\u00e9nes somos &nbsp; La direcci\u00f3n de nuestra web es: https:\/\/flamencomadrid.com\/es\/ En cumplimiento con el art\u00edculo 10 de la Ley 34\/2002, del 11 de julio, de servicios de la Sociedad de la Informaci\u00f3n y Comercio Electr\u00f3nico (LSSICE), los datos identificativos de la empresa titular son: Vergers 31 SL (a partir...\" \/>\n<meta property=\"og:url\" content=\"https:\/\/flamencomadrid.com\/fr\/politica-de-privacidad\/\" \/>\n<meta property=\"og:site_name\" content=\"Flamenco Madrid\" \/>\n<meta property=\"article:modified_time\" content=\"2023-01-05T07:55:46+00:00\" \/>\n<meta name=\"twitter:card\" content=\"summary_large_image\" \/>\n<meta name=\"twitter:label1\" content=\"Dur\u00e9e de lecture estim\u00e9e\" \/>\n\t<meta name=\"twitter:data1\" content=\"3 minutes\" \/>\n<script type=\"application\/ld+json\" class=\"yoast-schema-graph\">{\"@context\":\"https:\\\/\\\/schema.org\",\"@graph\":[{\"@type\":\"WebPage\",\"@id\":\"https:\\\/\\\/flamencomadrid.com\\\/fr\\\/politica-de-privacidad\\\/\",\"url\":\"https:\\\/\\\/flamencomadrid.com\\\/fr\\\/politica-de-privacidad\\\/\",\"name\":\"Pol\u00edtica de privacidad - Flamenco Madrid\",\"isPartOf\":{\"@id\":\"https:\\\/\\\/flamencomadrid.com\\\/fr\\\/#website\"},\"datePublished\":\"2022-04-26T14:12:31+00:00\",\"dateModified\":\"2023-01-05T07:55:46+00:00\",\"breadcrumb\":{\"@id\":\"https:\\\/\\\/flamencomadrid.com\\\/fr\\\/politica-de-privacidad\\\/#breadcrumb\"},\"inLanguage\":\"fr-FR\",\"potentialAction\":[{\"@type\":\"ReadAction\",\"target\":[[\"https:\\\/\\\/flamencomadrid.com\\\/fr\\\/politica-de-privacidad\\\/\"]]}]},{\"@type\":\"BreadcrumbList\",\"@id\":\"https:\\\/\\\/flamencomadrid.com\\\/fr\\\/politica-de-privacidad\\\/#breadcrumb\",\"itemListElement\":[{\"@type\":\"ListItem\",\"position\":1,\"name\":\"Home\",\"item\":\"https:\\\/\\\/flamencomadrid.com\\\/fr\\\/\"},{\"@type\":\"ListItem\",\"position\":2,\"name\":\"Pol\u00edtica de privacidad\"}]},{\"@type\":\"WebSite\",\"@id\":\"https:\\\/\\\/flamencomadrid.com\\\/fr\\\/#website\",\"url\":\"https:\\\/\\\/flamencomadrid.com\\\/fr\\\/\",\"name\":\"Flamenco Madrid\",\"description\":\"Otro sitio realizado con WordPress\",\"potentialAction\":[{\"@type\":\"SearchAction\",\"target\":{\"@type\":\"EntryPoint\",\"urlTemplate\":\"https:\\\/\\\/flamencomadrid.com\\\/fr\\\/?s={search_term_string}\"},\"query-input\":{\"@type\":\"PropertyValueSpecification\",\"valueRequired\":true,\"valueName\":\"search_term_string\"}}],\"inLanguage\":\"fr-FR\"}]}<\/script>\n<!-- \/ Yoast SEO plugin. -->","yoast_head_json":{"title":"Pol\u00edtica de privacidad - Flamenco Madrid","robots":{"index":"index","follow":"follow","max-snippet":"max-snippet:-1","max-image-preview":"max-image-preview:large","max-video-preview":"max-video-preview:-1"},"canonical":"\/","og_locale":"fr_FR","og_type":"article","og_title":"Pol\u00edtica de privacidad - Flamenco Madrid","og_description":"D\u00e9sol\u00e9. La page n'est pas disponible. Qui\u00e9nes somos &nbsp; La direcci\u00f3n de nuestra web es: https:\/\/flamencomadrid.com\/es\/ En cumplimiento con el art\u00edculo 10 de la Ley 34\/2002, del 11 de julio, de servicios de la Sociedad de la Informaci\u00f3n y Comercio Electr\u00f3nico (LSSICE), los datos identificativos de la empresa titular son: Vergers 31 SL (a partir...","og_url":"https:\/\/flamencomadrid.com\/fr\/politica-de-privacidad\/","og_site_name":"Flamenco Madrid","article_modified_time":"2023-01-05T07:55:46+00:00","twitter_card":"summary_large_image","twitter_misc":{"Dur\u00e9e de lecture estim\u00e9e":"3 minutes"},"schema":{"@context":"https:\/\/schema.org","@graph":[{"@type":"WebPage","@id":"https:\/\/flamencomadrid.com\/fr\/politica-de-privacidad\/","url":"https:\/\/flamencomadrid.com\/fr\/politica-de-privacidad\/","name":"Pol\u00edtica de privacidad - Flamenco Madrid","isPartOf":{"@id":"https:\/\/flamencomadrid.com\/fr\/#website"},"datePublished":"2022-04-26T14:12:31+00:00","dateModified":"2023-01-05T07:55:46+00:00","breadcrumb":{"@id":"https:\/\/flamencomadrid.com\/fr\/politica-de-privacidad\/#breadcrumb"},"inLanguage":"fr-FR","potentialAction":[{"@type":"ReadAction","target":[["https:\/\/flamencomadrid.com\/fr\/politica-de-privacidad\/"]]}]},{"@type":"BreadcrumbList","@id":"https:\/\/flamencomadrid.com\/fr\/politica-de-privacidad\/#breadcrumb","itemListElement":[{"@type":"ListItem","position":1,"name":"Home","item":"https:\/\/flamencomadrid.com\/fr\/"},{"@type":"ListItem","position":2,"name":"Pol\u00edtica de privacidad"}]},{"@type":"WebSite","@id":"https:\/\/flamencomadrid.com\/fr\/#website","url":"https:\/\/flamencomadrid.com\/fr\/","name":"Flamenco Madrid","description":"Otro sitio realizado con WordPress","potentialAction":[{"@type":"SearchAction","target":{"@type":"EntryPoint","urlTemplate":"https:\/\/flamencomadrid.com\/fr\/?s={search_term_string}"},"query-input":{"@type":"PropertyValueSpecification","valueRequired":true,"valueName":"search_term_string"}}],"inLanguage":"fr-FR"}]}},"_links":{"self":[{"href":"https:\/\/flamencomadrid.com\/fr\/wp-json\/wp\/v2\/pages\/3","targetHints":{"allow":["GET"]}}],"collection":[{"href":"https:\/\/flamencomadrid.com\/fr\/wp-json\/wp\/v2\/pages"}],"about":[{"href":"https:\/\/flamencomadrid.com\/fr\/wp-json\/wp\/v2\/types\/page"}],"author":[{"embeddable":true,"href":"https:\/\/flamencomadrid.com\/fr\/wp-json\/wp\/v2\/users\/1"}],"replies":[{"embeddable":true,"href":"https:\/\/flamencomadrid.com\/fr\/wp-json\/wp\/v2\/comments?post=3"}],"version-history":[{"count":4,"href":"https:\/\/flamencomadrid.com\/fr\/wp-json\/wp\/v2\/pages\/3\/revisions"}],"predecessor-version":[{"id":555,"href":"https:\/\/flamencomadrid.com\/fr\/wp-json\/wp\/v2\/pages\/3\/revisions\/555"}],"wp:attachment":[{"href":"https:\/\/flamencomadrid.com\/fr\/wp-json\/wp\/v2\/media?parent=3"}],"curies":[{"name":"wp","href":"https:\/\/api.w.org\/{rel}","templated":true}]}}

Política de privacidad

<p class="qtranxs-available-languages-message qtranxs-available-languages-message-fr">Désolé. La page n'est pas disponible.</p><h2 class="wp-block-heading">Quiénes somos</h2>

<p>&nbsp;</p>

<p>La dirección de nuestra web es: https://flamencomadrid.com/es/</p>
<p>En cumplimiento con el artículo 10 de la Ley 34/2002, del 11 de julio, de servicios de la Sociedad de la Información y Comercio Electrónico (LSSICE), los datos identificativos de la empresa titular son: Vergers 31 SL (a partir de ahora ‘Vergers 31’) CIF B87181905; inscrita en el Registro Mercantil de Madrid, T 32980 , F 118, S 8, H M 593648, I/A 1 ( 5.01.15); con domicilio en calle Concepción Jerónima 31, 28014 de Madrid (España).</p>

<p>&nbsp;</p>

<h2 class="wp-block-heading">Comentarios</h2>

<p>&nbsp;</p>

<p>Cuando los visitantes dejan comentarios en la web, recopilamos los datos que se muestran en el formulario de comentarios, así como la dirección IP del visitante y la cadena de agentes de usuario del navegador para ayudar a la detección de spam.</p>

<p>&nbsp;</p>

<p>Una cadena anónima creada a partir de tu dirección de correo electrónico (también llamada hash) puede ser proporcionada al servicio de Gravatar para ver si la estás usando. La política de privacidad del servicio Gravatar está disponible aquí: https://automattic.com/privacy/. Después de la aprobación de tu comentario, la imagen de tu perfil es visible para el público en el contexto de tu comentario.</p>

<p>&nbsp;</p>

<p>&nbsp;</p>

<h2 class="wp-block-heading">Cookies</h2>

<p>&nbsp;</p>

<p>Si dejas un comentario en nuestro sitio puedes elegir guardar tu nombre, dirección de correo electrónico y web en cookies. Esto es para tu comodidad, para que no tengas que volver a rellenar tus datos cuando dejes otro comentario. Estas cookies tendrán una duración de un año.</p>

<p>&nbsp;</p>

<p>Si tienes una cuenta y te conectas a este sitio, instalaremos una cookie temporal para determinar si tu navegador acepta cookies. Esta cookie no contiene datos personales y se elimina al cerrar el navegador.</p>

<p>&nbsp;</p>

<p>Cuando accedas, también instalaremos varias cookies para guardar tu información de acceso y tus opciones de visualización de pantalla. Las cookies de acceso duran dos días, y las cookies de opciones de pantalla duran un año. Si seleccionas «Recuérdarme», tu acceso perdurará durante dos semanas. Si sales de tu cuenta, las cookies de acceso se eliminarán.</p>

<p>&nbsp;</p>

<p>&nbsp;</p>

<h2 class="wp-block-heading">Contenido incrustado de otros sitios web</h2>

<p>&nbsp;</p>

<p>Los artículos de este sitio pueden incluir contenido incrustado (por ejemplo, vídeos, imágenes, artículos, etc.). El contenido incrustado de otras webs se comporta exactamente de la misma manera que si el visitante hubiera visitado la otra web.</p>

<p>&nbsp;</p>

<p>Estas web pueden recopilar datos sobre ti, utilizar cookies, incrustar un seguimiento adicional de terceros, y supervisar tu interacción con ese contenido incrustado, incluido el seguimiento de tu interacción con el contenido incrustado si tienes una cuenta y estás conectado a esa web.</p>

<p>&nbsp;</p>

<h2 class="wp-block-heading">Con quién compartimos tus datos</h2>

<p>&nbsp;</p>

<p>Si solicitas un restablecimiento de contraseña, tu dirección IP será incluida en el correo electrónico de restablecimiento.</p>

<p>&nbsp;</p>

<h2 class="wp-block-heading">Cuánto tiempo conservamos tus datos</h2>

<p>&nbsp;</p>

<p>Si dejas un comentario, el comentario y sus metadatos se conservan indefinidamente. Esto es para que podamos reconocer y aprobar comentarios sucesivos automáticamente, en lugar de mantenerlos en una cola de moderación.</p>

<p>&nbsp;</p>

<p>De los usuarios que se registran en nuestra web (si los hay), también almacenamos la información personal que proporcionan en su perfil de usuario. Todos los usuarios pueden ver, editar o eliminar su información personal en cualquier momento (excepto que no pueden cambiar su nombre de usuario). Los administradores de la web también pueden ver y editar esa información.</p>

<p>&nbsp;</p>

<h2 class="wp-block-heading">Qué derechos tienes sobre tus datos</h2>

<p>&nbsp;</p>

<p>Si tienes una cuenta o has dejado comentarios en esta web, puedes solicitar recibir un archivo de exportación de los datos personales que tenemos sobre ti, incluyendo cualquier dato que nos hayas proporcionado. También puedes solicitar que eliminemos cualquier dato personal que tengamos sobre ti. Esto no incluye ningún dato que estemos obligados a conservar con fines administrativos, legales o de seguridad.</p>

<p>&nbsp;</p>

<h2 class="wp-block-heading">Dónde enviamos tus datos</h2>

<p>&nbsp;</p>

<p>Los comentarios de los visitantes puede que los revise un servicio de detección automática de spam.</p>

Désolé. La page n&rsquo;est pas disponible. Quiénes somos &nbsp; La dirección de nuestra web es: https://flamencomadrid.com/es/ En cumplimiento con el artículo 10 de la Ley 34/2002, del 11 de julio, de servicios de la Sociedad de la Información y Comercio Electrónico (LSSICE), los datos identificativos de la empresa titular son: Vergers 31 SL (a partir&#8230;

<!-- This site is optimized with the Yoast SEO plugin v27.4 - https://yoast.com/product/yoast-seo-wordpress/ -->
<title>Política de privacidad - Flamenco Madrid</title>
<meta name="robots" content="index, follow, max-snippet:-1, max-image-preview:large, max-video-preview:-1" />
<link rel="canonical" href="/" />
<meta property="og:locale" content="fr_FR" />
<meta property="og:type" content="article" />
<meta property="og:title" content="Política de privacidad - Flamenco Madrid" />
<meta property="og:description" content="Désolé. La page n&#039;est pas disponible. Quiénes somos &nbsp; La dirección de nuestra web es: https://flamencomadrid.com/es/ En cumplimiento con el artículo 10 de la Ley 34/2002, del 11 de julio, de servicios de la Sociedad de la Información y Comercio Electrónico (LSSICE), los datos identificativos de la empresa titular son: Vergers 31 SL (a partir..." />
<meta property="og:url" content="https://flamencomadrid.com/fr/politica-de-privacidad/" />
<meta property="og:site_name" content="Flamenco Madrid" />
<meta property="article:modified_time" content="2023-01-05T07:55:46+00:00" />
<meta name="twitter:card" content="summary_large_image" />
<meta name="twitter:label1" content="Durée de lecture estimée" />
	<meta name="twitter:data1" content="3 minutes" />
<script type="application/ld+json" class="yoast-schema-graph">{"@context":"https:\/\/schema.org","@graph":[{"@type":"WebPage","@id":"https:\/\/flamencomadrid.com\/fr\/politica-de-privacidad\/","url":"https:\/\/flamencomadrid.com\/fr\/politica-de-privacidad\/","name":"Política de privacidad - Flamenco Madrid","isPartOf":{"@id":"https:\/\/flamencomadrid.com\/fr\/#website"},"datePublished":"2022-04-26T14:12:31+00:00","dateModified":"2023-01-05T07:55:46+00:00","breadcrumb":{"@id":"https:\/\/flamencomadrid.com\/fr\/politica-de-privacidad\/#breadcrumb"},"inLanguage":"fr-FR","potentialAction":[{"@type":"ReadAction","target":[["https:\/\/flamencomadrid.com\/fr\/politica-de-privacidad\/"]]}]},{"@type":"BreadcrumbList","@id":"https:\/\/flamencomadrid.com\/fr\/politica-de-privacidad\/#breadcrumb","itemListElement":[{"@type":"ListItem","position":1,"name":"Home","item":"https:\/\/flamencomadrid.com\/fr\/"},{"@type":"ListItem","position":2,"name":"Política de privacidad"}]},{"@type":"WebSite","@id":"https:\/\/flamencomadrid.com\/fr\/#website","url":"https:\/\/flamencomadrid.com\/fr\/","name":"Flamenco Madrid","description":"Otro sitio realizado con WordPress","potentialAction":[{"@type":"SearchAction","target":{"@type":"EntryPoint","urlTemplate":"https:\/\/flamencomadrid.com\/fr\/?s={search_term_string}"},"query-input":{"@type":"PropertyValueSpecification","valueRequired":true,"valueName":"search_term_string"}}],"inLanguage":"fr-FR"}]}</script>
<!-- / Yoast SEO plugin. -->

Política de privacidad - Flamenco Madrid

Désolé. La page n'est pas disponible. Quiénes somos &nbsp; La dirección de nuestra web es: https://flamencomadrid.com/es/ En cumplimiento con el artículo 10 de la Ley 34/2002, del 11 de julio, de servicios de la Sociedad de la Información y Comercio Electrónico (LSSICE), los datos identificativos de la empresa titular son: Vergers 31 SL (a partir...
