{"id":154,"date":"2022-04-30T09:10:42","date_gmt":"2022-04-30T09:10:42","guid":{"rendered":"http:\/\/fm.fullcircle.es\/?page_id=154"},"modified":"2024-01-23T13:27:58","modified_gmt":"2024-01-23T12:27:58","slug":"el-traje-de-flamenca","status":"publish","type":"page","link":"https:\/\/flamencomadrid.com\/fr\/trouvez-votre-robe-de-flamenco\/","title":{"rendered":"Robe flamenca"},"content":{"rendered":"<p>Les origines andalouses de ce costume traditionnel sont toujours pr\u00e9sentes aujourd&rsquo;hui. De nombreux cr\u00e9ateurs de mode flamenco se trouvent en Andalousie. Mais ne vous inqui\u00e9tez pas&#8230; Le panorama de la mode flamenca est immense et s&rsquo;\u00e9tend \u00e0 d&rsquo;autres villes.<\/p>\n<p>\u00c0 Madrid, vous pouvez trouver la robe flamenco qui vous habille de <strong>lumi\u00e8re et de joie<\/strong>. C&rsquo;est peut-\u00eatre un peu plus compliqu\u00e9 qu&rsquo;en Andalousie, mais <strong>nous allons vous faciliter la t\u00e2che avec ces suggestions :<\/strong><\/p>","protected":false},"excerpt":{"rendered":"Les origines andalouses de ce costume traditionnel sont toujours pr\u00e9sentes aujourd&rsquo;hui. De nombreux cr\u00e9ateurs de mode flamenco se trouvent en Andalousie. Mais ne vous inqui\u00e9tez pas&#8230; Le panorama de la mode flamenca est immense et s&rsquo;\u00e9tend \u00e0 d&rsquo;autres villes. \u00c0 Madrid, vous pouvez trouver la robe flamenco qui vous habille de lumi\u00e8re et de joie&#8230;.","protected":false},"author":1,"featured_media":390,"parent":0,"menu_order":4,"comment_status":"closed","ping_status":"closed","template":"templates\/dresses.php","meta":{"_acf_changed":false,"footnotes":""},"class_list":["post-154","page","type-page","status-publish","has-post-thumbnail","hentry"],"acf":[],"yoast_head":"<!-- This site is optimized with the Yoast SEO plugin v27.4 - https:\/\/yoast.com\/product\/yoast-seo-wordpress\/ -->\n<title>Robe flamenca - Flamenco Madrid<\/title>\n<meta name=\"robots\" content=\"index, follow, max-snippet:-1, max-image-preview:large, max-video-preview:-1\" \/>\n<link rel=\"canonical\" href=\"\/\" \/>\n<meta property=\"og:locale\" content=\"fr_FR\" \/>\n<meta property=\"og:type\" content=\"article\" \/>\n<meta property=\"og:title\" content=\"Robe flamenca - Flamenco Madrid\" \/>\n<meta property=\"og:description\" content=\"Les origines andalouses de ce costume traditionnel sont toujours pr\u00e9sentes aujourd&rsquo;hui. De nombreux cr\u00e9ateurs de mode flamenco se trouvent en Andalousie. Mais ne vous inqui\u00e9tez pas&#8230; Le panorama de la mode flamenca est immense et s&rsquo;\u00e9tend \u00e0 d&rsquo;autres villes. \u00c0 Madrid, vous pouvez trouver la robe flamenco qui vous habille de lumi\u00e8re et de joie....\" \/>\n<meta property=\"og:url\" content=\"https:\/\/flamencomadrid.com\/fr\/encuentra-tu-traje-de-flamenca\/\" \/>\n<meta property=\"og:site_name\" content=\"Flamenco Madrid\" \/>\n<meta property=\"article:modified_time\" content=\"2024-01-23T12:27:58+00:00\" \/>\n<meta property=\"og:image\" content=\"https:\/\/flamencomadrid.com\/wp-content\/uploads\/2022\/05\/el-traje-de-flamenca.png\" \/>\n\t<meta property=\"og:image:width\" content=\"700\" \/>\n\t<meta property=\"og:image:height\" content=\"400\" \/>\n\t<meta property=\"og:image:type\" content=\"image\/png\" \/>\n<meta name=\"twitter:card\" content=\"summary_large_image\" \/>\n<meta name=\"twitter:label1\" content=\"Dur\u00e9e de lecture estim\u00e9e\" \/>\n\t<meta name=\"twitter:data1\" content=\"2 minutes\" \/>\n<script type=\"application\/ld+json\" class=\"yoast-schema-graph\">{\"@context\":\"https:\\\/\\\/schema.org\",\"@graph\":[{\"@type\":\"WebPage\",\"@id\":\"https:\\\/\\\/flamencomadrid.com\\\/fr\\\/encuentra-tu-traje-de-flamenca\\\/\",\"url\":\"https:\\\/\\\/flamencomadrid.com\\\/fr\\\/encuentra-tu-traje-de-flamenca\\\/\",\"name\":\"Robe flamenca - Flamenco Madrid\",\"isPartOf\":{\"@id\":\"https:\\\/\\\/flamencomadrid.com\\\/fr\\\/#website\"},\"primaryImageOfPage\":{\"@id\":\"https:\\\/\\\/flamencomadrid.com\\\/fr\\\/encuentra-tu-traje-de-flamenca\\\/#primaryimage\"},\"image\":{\"@id\":\"https:\\\/\\\/flamencomadrid.com\\\/es\\\/encuentra-tu-traje-de-flamenca\\\/#primaryimage\"},\"thumbnailUrl\":\"https:\\\/\\\/flamencomadrid.com\\\/wp-content\\\/uploads\\\/2022\\\/05\\\/el-traje-de-flamenca.png\",\"datePublished\":\"2022-04-30T09:10:42+00:00\",\"dateModified\":\"2024-01-23T12:27:58+00:00\",\"breadcrumb\":{\"@id\":\"https:\\\/\\\/flamencomadrid.com\\\/fr\\\/encuentra-tu-traje-de-flamenca\\\/#breadcrumb\"},\"inLanguage\":\"fr-FR\",\"potentialAction\":[{\"@type\":\"ReadAction\",\"target\":[[\"https:\\\/\\\/flamencomadrid.com\\\/fr\\\/encuentra-tu-traje-de-flamenca\\\/\"]]}]},{\"@type\":\"ImageObject\",\"inLanguage\":\"fr-FR\",\"@id\":\"https:\\\/\\\/flamencomadrid.com\\\/fr\\\/encuentra-tu-traje-de-flamenca\\\/#primaryimage\",\"url\":\"https:\\\/\\\/flamencomadrid.com\\\/wp-content\\\/uploads\\\/2022\\\/05\\\/el-traje-de-flamenca.png\",\"contentUrl\":\"https:\\\/\\\/flamencomadrid.com\\\/wp-content\\\/uploads\\\/2022\\\/05\\\/el-traje-de-flamenca.png\",\"width\":700,\"height\":400},{\"@type\":\"BreadcrumbList\",\"@id\":\"https:\\\/\\\/flamencomadrid.com\\\/fr\\\/encuentra-tu-traje-de-flamenca\\\/#breadcrumb\",\"itemListElement\":[{\"@type\":\"ListItem\",\"position\":1,\"name\":\"Home\",\"item\":\"https:\\\/\\\/flamencomadrid.com\\\/fr\\\/\"},{\"@type\":\"ListItem\",\"position\":2,\"name\":\"El traje de flamenca\"}]},{\"@type\":\"WebSite\",\"@id\":\"https:\\\/\\\/flamencomadrid.com\\\/fr\\\/#website\",\"url\":\"https:\\\/\\\/flamencomadrid.com\\\/fr\\\/\",\"name\":\"Flamenco Madrid\",\"description\":\"Otro sitio realizado con WordPress\",\"potentialAction\":[{\"@type\":\"SearchAction\",\"target\":{\"@type\":\"EntryPoint\",\"urlTemplate\":\"https:\\\/\\\/flamencomadrid.com\\\/fr\\\/?s={search_term_string}\"},\"query-input\":{\"@type\":\"PropertyValueSpecification\",\"valueRequired\":true,\"valueName\":\"search_term_string\"}}],\"inLanguage\":\"fr-FR\"}]}<\/script>\n<!-- \/ Yoast SEO plugin. -->","yoast_head_json":{"title":"Robe flamenca - Flamenco Madrid","robots":{"index":"index","follow":"follow","max-snippet":"max-snippet:-1","max-image-preview":"max-image-preview:large","max-video-preview":"max-video-preview:-1"},"canonical":"\/","og_locale":"fr_FR","og_type":"article","og_title":"Robe flamenca - Flamenco Madrid","og_description":"Les origines andalouses de ce costume traditionnel sont toujours pr\u00e9sentes aujourd&rsquo;hui. De nombreux cr\u00e9ateurs de mode flamenco se trouvent en Andalousie. Mais ne vous inqui\u00e9tez pas&#8230; Le panorama de la mode flamenca est immense et s&rsquo;\u00e9tend \u00e0 d&rsquo;autres villes. \u00c0 Madrid, vous pouvez trouver la robe flamenco qui vous habille de lumi\u00e8re et de joie....","og_url":"https:\/\/flamencomadrid.com\/fr\/encuentra-tu-traje-de-flamenca\/","og_site_name":"Flamenco Madrid","article_modified_time":"2024-01-23T12:27:58+00:00","og_image":[{"width":700,"height":400,"url":"https:\/\/flamencomadrid.com\/wp-content\/uploads\/2022\/05\/el-traje-de-flamenca.png","type":"image\/png"}],"twitter_card":"summary_large_image","twitter_misc":{"Dur\u00e9e de lecture estim\u00e9e":"2 minutes"},"schema":{"@context":"https:\/\/schema.org","@graph":[{"@type":"WebPage","@id":"https:\/\/flamencomadrid.com\/fr\/encuentra-tu-traje-de-flamenca\/","url":"https:\/\/flamencomadrid.com\/fr\/encuentra-tu-traje-de-flamenca\/","name":"Robe flamenca - Flamenco Madrid","isPartOf":{"@id":"https:\/\/flamencomadrid.com\/fr\/#website"},"primaryImageOfPage":{"@id":"https:\/\/flamencomadrid.com\/fr\/encuentra-tu-traje-de-flamenca\/#primaryimage"},"image":{"@id":"https:\/\/flamencomadrid.com\/es\/encuentra-tu-traje-de-flamenca\/#primaryimage"},"thumbnailUrl":"https:\/\/flamencomadrid.com\/wp-content\/uploads\/2022\/05\/el-traje-de-flamenca.png","datePublished":"2022-04-30T09:10:42+00:00","dateModified":"2024-01-23T12:27:58+00:00","breadcrumb":{"@id":"https:\/\/flamencomadrid.com\/fr\/encuentra-tu-traje-de-flamenca\/#breadcrumb"},"inLanguage":"fr-FR","potentialAction":[{"@type":"ReadAction","target":[["https:\/\/flamencomadrid.com\/fr\/encuentra-tu-traje-de-flamenca\/"]]}]},{"@type":"ImageObject","inLanguage":"fr-FR","@id":"https:\/\/flamencomadrid.com\/fr\/encuentra-tu-traje-de-flamenca\/#primaryimage","url":"https:\/\/flamencomadrid.com\/wp-content\/uploads\/2022\/05\/el-traje-de-flamenca.png","contentUrl":"https:\/\/flamencomadrid.com\/wp-content\/uploads\/2022\/05\/el-traje-de-flamenca.png","width":700,"height":400},{"@type":"BreadcrumbList","@id":"https:\/\/flamencomadrid.com\/fr\/encuentra-tu-traje-de-flamenca\/#breadcrumb","itemListElement":[{"@type":"ListItem","position":1,"name":"Home","item":"https:\/\/flamencomadrid.com\/fr\/"},{"@type":"ListItem","position":2,"name":"El traje de flamenca"}]},{"@type":"WebSite","@id":"https:\/\/flamencomadrid.com\/fr\/#website","url":"https:\/\/flamencomadrid.com\/fr\/","name":"Flamenco Madrid","description":"Otro sitio realizado con WordPress","potentialAction":[{"@type":"SearchAction","target":{"@type":"EntryPoint","urlTemplate":"https:\/\/flamencomadrid.com\/fr\/?s={search_term_string}"},"query-input":{"@type":"PropertyValueSpecification","valueRequired":true,"valueName":"search_term_string"}}],"inLanguage":"fr-FR"}]}},"_links":{"self":[{"href":"https:\/\/flamencomadrid.com\/fr\/wp-json\/wp\/v2\/pages\/154","targetHints":{"allow":["GET"]}}],"collection":[{"href":"https:\/\/flamencomadrid.com\/fr\/wp-json\/wp\/v2\/pages"}],"about":[{"href":"https:\/\/flamencomadrid.com\/fr\/wp-json\/wp\/v2\/types\/page"}],"author":[{"embeddable":true,"href":"https:\/\/flamencomadrid.com\/fr\/wp-json\/wp\/v2\/users\/1"}],"replies":[{"embeddable":true,"href":"https:\/\/flamencomadrid.com\/fr\/wp-json\/wp\/v2\/comments?post=154"}],"version-history":[{"count":9,"href":"https:\/\/flamencomadrid.com\/fr\/wp-json\/wp\/v2\/pages\/154\/revisions"}],"predecessor-version":[{"id":1013,"href":"https:\/\/flamencomadrid.com\/fr\/wp-json\/wp\/v2\/pages\/154\/revisions\/1013"}],"wp:featuredmedia":[{"embeddable":true,"href":"https:\/\/flamencomadrid.com\/fr\/wp-json\/wp\/v2\/media\/390"}],"wp:attachment":[{"href":"https:\/\/flamencomadrid.com\/fr\/wp-json\/wp\/v2\/media?parent=154"}],"curies":[{"name":"wp","href":"https:\/\/api.w.org\/{rel}","templated":true}]}}

<p>Les origines andalouses de ce costume traditionnel sont toujours présentes aujourd&rsquo;hui. De nombreux créateurs de mode flamenco se trouvent en Andalousie. Mais ne vous inquiétez pas&#8230; Le panorama de la mode flamenca est immense et s&rsquo;étend à d&rsquo;autres villes.</p>
<p>À Madrid, vous pouvez trouver la robe flamenco qui vous habille de <strong>lumière et de joie</strong>. C&rsquo;est peut-être un peu plus compliqué qu&rsquo;en Andalousie, mais <strong>nous allons vous faciliter la tâche avec ces suggestions :</strong></p>

Les origines andalouses de ce costume traditionnel sont toujours présentes aujourd&rsquo;hui. De nombreux créateurs de mode flamenco se trouvent en Andalousie. Mais ne vous inquiétez pas&#8230; Le panorama de la mode flamenca est immense et s&rsquo;étend à d&rsquo;autres villes. À Madrid, vous pouvez trouver la robe flamenco qui vous habille de lumière et de joie&#8230;.

<!-- This site is optimized with the Yoast SEO plugin v27.4 - https://yoast.com/product/yoast-seo-wordpress/ -->
<title>Robe flamenca - Flamenco Madrid</title>
<meta name="robots" content="index, follow, max-snippet:-1, max-image-preview:large, max-video-preview:-1" />
<link rel="canonical" href="/" />
<meta property="og:locale" content="fr_FR" />
<meta property="og:type" content="article" />
<meta property="og:title" content="Robe flamenca - Flamenco Madrid" />
<meta property="og:description" content="Les origines andalouses de ce costume traditionnel sont toujours présentes aujourd&rsquo;hui. De nombreux créateurs de mode flamenco se trouvent en Andalousie. Mais ne vous inquiétez pas&#8230; Le panorama de la mode flamenca est immense et s&rsquo;étend à d&rsquo;autres villes. À Madrid, vous pouvez trouver la robe flamenco qui vous habille de lumière et de joie...." />
<meta property="og:url" content="https://flamencomadrid.com/fr/encuentra-tu-traje-de-flamenca/" />
<meta property="og:site_name" content="Flamenco Madrid" />
<meta property="article:modified_time" content="2024-01-23T12:27:58+00:00" />
<meta property="og:image" content="https://flamencomadrid.com/wp-content/uploads/2022/05/el-traje-de-flamenca.png" />
	<meta property="og:image:width" content="700" />
	<meta property="og:image:height" content="400" />
	<meta property="og:image:type" content="image/png" />
<meta name="twitter:card" content="summary_large_image" />
<meta name="twitter:label1" content="Durée de lecture estimée" />
	<meta name="twitter:data1" content="2 minutes" />
<script type="application/ld+json" class="yoast-schema-graph">{"@context":"https:\/\/schema.org","@graph":[{"@type":"WebPage","@id":"https:\/\/flamencomadrid.com\/fr\/encuentra-tu-traje-de-flamenca\/","url":"https:\/\/flamencomadrid.com\/fr\/encuentra-tu-traje-de-flamenca\/","name":"Robe flamenca - Flamenco Madrid","isPartOf":{"@id":"https:\/\/flamencomadrid.com\/fr\/#website"},"primaryImageOfPage":{"@id":"https:\/\/flamencomadrid.com\/fr\/encuentra-tu-traje-de-flamenca\/#primaryimage"},"image":{"@id":"https:\/\/flamencomadrid.com\/es\/encuentra-tu-traje-de-flamenca\/#primaryimage"},"thumbnailUrl":"https:\/\/flamencomadrid.com\/wp-content\/uploads\/2022\/05\/el-traje-de-flamenca.png","datePublished":"2022-04-30T09:10:42+00:00","dateModified":"2024-01-23T12:27:58+00:00","breadcrumb":{"@id":"https:\/\/flamencomadrid.com\/fr\/encuentra-tu-traje-de-flamenca\/#breadcrumb"},"inLanguage":"fr-FR","potentialAction":[{"@type":"ReadAction","target":[["https:\/\/flamencomadrid.com\/fr\/encuentra-tu-traje-de-flamenca\/"]]}]},{"@type":"ImageObject","inLanguage":"fr-FR","@id":"https:\/\/flamencomadrid.com\/fr\/encuentra-tu-traje-de-flamenca\/#primaryimage","url":"https:\/\/flamencomadrid.com\/wp-content\/uploads\/2022\/05\/el-traje-de-flamenca.png","contentUrl":"https:\/\/flamencomadrid.com\/wp-content\/uploads\/2022\/05\/el-traje-de-flamenca.png","width":700,"height":400},{"@type":"BreadcrumbList","@id":"https:\/\/flamencomadrid.com\/fr\/encuentra-tu-traje-de-flamenca\/#breadcrumb","itemListElement":[{"@type":"ListItem","position":1,"name":"Home","item":"https:\/\/flamencomadrid.com\/fr\/"},{"@type":"ListItem","position":2,"name":"El traje de flamenca"}]},{"@type":"WebSite","@id":"https:\/\/flamencomadrid.com\/fr\/#website","url":"https:\/\/flamencomadrid.com\/fr\/","name":"Flamenco Madrid","description":"Otro sitio realizado con WordPress","potentialAction":[{"@type":"SearchAction","target":{"@type":"EntryPoint","urlTemplate":"https:\/\/flamencomadrid.com\/fr\/?s={search_term_string}"},"query-input":{"@type":"PropertyValueSpecification","valueRequired":true,"valueName":"search_term_string"}}],"inLanguage":"fr-FR"}]}</script>
<!-- / Yoast SEO plugin. -->

Les origines andalouses de ce costume traditionnel sont toujours présentes aujourd&rsquo;hui. De nombreux créateurs de mode flamenco se trouvent en Andalousie. Mais ne vous inquiétez pas&#8230; Le panorama de la mode flamenca est immense et s&rsquo;étend à d&rsquo;autres villes. À Madrid, vous pouvez trouver la robe flamenco qui vous habille de lumière et de joie....
