{"id":154,"date":"2022-04-30T09:10:42","date_gmt":"2022-04-30T09:10:42","guid":{"rendered":"http:\/\/fm.fullcircle.es\/?page_id=154"},"modified":"2024-01-23T13:27:58","modified_gmt":"2024-01-23T12:27:58","slug":"el-traje-de-flamenca","status":"publish","type":"page","link":"https:\/\/flamencomadrid.com\/es\/encuentra-tu-traje-de-flamenca\/","title":{"rendered":"El traje de flamenca"},"content":{"rendered":"<p>Los or\u00edgenes andaluces de este traje tradicional siguen presentes hoy en d\u00eda. Muchos de los dise\u00f1adores de moda flamenca se pueden encontrar en Andaluc\u00eda. Pero tranquila\u2026 Porque la vista panor\u00e1mica de la moda flamenca es enorme, y se propaga a otras ciudades.<\/p>\n<p>En Madrid puedes encontrar el vestido de flamenca que te vista de\u00a0<strong>luz y alegr\u00eda.<\/strong>\u00a0Quiz\u00e1 sea un poco m\u00e1s complicado que en Andaluc\u00eda, pero nosotros\u00a0<strong>te lo vamos a poner f\u00e1cil con estas sugerencias:<\/strong><\/p>","protected":false},"excerpt":{"rendered":"Los or\u00edgenes andaluces de este traje tradicional siguen presentes hoy en d\u00eda. Muchos de los dise\u00f1adores de moda flamenca se pueden encontrar en Andaluc\u00eda. Pero tranquila\u2026 Porque la vista panor\u00e1mica de la moda flamenca es enorme, y se propaga a otras ciudades. En Madrid puedes encontrar el vestido de flamenca que te vista de\u00a0luz y&#8230;","protected":false},"author":1,"featured_media":390,"parent":0,"menu_order":4,"comment_status":"closed","ping_status":"closed","template":"templates\/dresses.php","meta":{"_acf_changed":false,"footnotes":""},"class_list":["post-154","page","type-page","status-publish","has-post-thumbnail","hentry"],"acf":[],"yoast_head":"<!-- This site is optimized with the Yoast SEO plugin v27.4 - https:\/\/yoast.com\/product\/yoast-seo-wordpress\/ -->\n<title>El traje de flamenca - Flamenco Madrid<\/title>\n<meta name=\"robots\" content=\"index, follow, max-snippet:-1, max-image-preview:large, max-video-preview:-1\" \/>\n<link rel=\"canonical\" href=\"\/\" \/>\n<meta property=\"og:locale\" content=\"es_ES\" \/>\n<meta property=\"og:type\" content=\"article\" \/>\n<meta property=\"og:title\" content=\"El traje de flamenca - Flamenco Madrid\" \/>\n<meta property=\"og:description\" content=\"Los or\u00edgenes andaluces de este traje tradicional siguen presentes hoy en d\u00eda. Muchos de los dise\u00f1adores de moda flamenca se pueden encontrar en Andaluc\u00eda. Pero tranquila\u2026 Porque la vista panor\u00e1mica de la moda flamenca es enorme, y se propaga a otras ciudades. En Madrid puedes encontrar el vestido de flamenca que te vista de\u00a0luz y...\" \/>\n<meta property=\"og:url\" content=\"https:\/\/flamencomadrid.com\/es\/encuentra-tu-traje-de-flamenca\/\" \/>\n<meta property=\"og:site_name\" content=\"Flamenco Madrid\" \/>\n<meta property=\"article:modified_time\" content=\"2024-01-23T12:27:58+00:00\" \/>\n<meta property=\"og:image\" content=\"https:\/\/flamencomadrid.com\/wp-content\/uploads\/2022\/05\/el-traje-de-flamenca.png\" \/>\n\t<meta property=\"og:image:width\" content=\"700\" \/>\n\t<meta property=\"og:image:height\" content=\"400\" \/>\n\t<meta property=\"og:image:type\" content=\"image\/png\" \/>\n<meta name=\"twitter:card\" content=\"summary_large_image\" \/>\n<meta name=\"twitter:label1\" content=\"Tiempo de lectura\" \/>\n\t<meta name=\"twitter:data1\" content=\"2 minutos\" \/>\n<script type=\"application\/ld+json\" class=\"yoast-schema-graph\">{\"@context\":\"https:\\\/\\\/schema.org\",\"@graph\":[{\"@type\":\"WebPage\",\"@id\":\"https:\\\/\\\/flamencomadrid.com\\\/es\\\/encuentra-tu-traje-de-flamenca\\\/\",\"url\":\"https:\\\/\\\/flamencomadrid.com\\\/es\\\/encuentra-tu-traje-de-flamenca\\\/\",\"name\":\"El traje de flamenca - Flamenco Madrid\",\"isPartOf\":{\"@id\":\"https:\\\/\\\/flamencomadrid.com\\\/es\\\/#website\"},\"primaryImageOfPage\":{\"@id\":\"https:\\\/\\\/flamencomadrid.com\\\/es\\\/encuentra-tu-traje-de-flamenca\\\/#primaryimage\"},\"image\":{\"@id\":\"https:\\\/\\\/flamencomadrid.com\\\/es\\\/encuentra-tu-traje-de-flamenca\\\/#primaryimage\"},\"thumbnailUrl\":\"https:\\\/\\\/flamencomadrid.com\\\/wp-content\\\/uploads\\\/2022\\\/05\\\/el-traje-de-flamenca.png\",\"datePublished\":\"2022-04-30T09:10:42+00:00\",\"dateModified\":\"2024-01-23T12:27:58+00:00\",\"breadcrumb\":{\"@id\":\"https:\\\/\\\/flamencomadrid.com\\\/es\\\/encuentra-tu-traje-de-flamenca\\\/#breadcrumb\"},\"inLanguage\":\"es\",\"potentialAction\":[{\"@type\":\"ReadAction\",\"target\":[[\"https:\\\/\\\/flamencomadrid.com\\\/es\\\/encuentra-tu-traje-de-flamenca\\\/\"]]}]},{\"@type\":\"ImageObject\",\"inLanguage\":\"es\",\"@id\":\"https:\\\/\\\/flamencomadrid.com\\\/es\\\/encuentra-tu-traje-de-flamenca\\\/#primaryimage\",\"url\":\"https:\\\/\\\/flamencomadrid.com\\\/wp-content\\\/uploads\\\/2022\\\/05\\\/el-traje-de-flamenca.png\",\"contentUrl\":\"https:\\\/\\\/flamencomadrid.com\\\/wp-content\\\/uploads\\\/2022\\\/05\\\/el-traje-de-flamenca.png\",\"width\":700,\"height\":400},{\"@type\":\"BreadcrumbList\",\"@id\":\"https:\\\/\\\/flamencomadrid.com\\\/es\\\/encuentra-tu-traje-de-flamenca\\\/#breadcrumb\",\"itemListElement\":[{\"@type\":\"ListItem\",\"position\":1,\"name\":\"Home\",\"item\":\"https:\\\/\\\/flamencomadrid.com\\\/es\\\/\"},{\"@type\":\"ListItem\",\"position\":2,\"name\":\"El traje de flamenca\"}]},{\"@type\":\"WebSite\",\"@id\":\"https:\\\/\\\/flamencomadrid.com\\\/es\\\/#website\",\"url\":\"https:\\\/\\\/flamencomadrid.com\\\/es\\\/\",\"name\":\"Flamenco Madrid\",\"description\":\"Otro sitio realizado con WordPress\",\"potentialAction\":[{\"@type\":\"SearchAction\",\"target\":{\"@type\":\"EntryPoint\",\"urlTemplate\":\"https:\\\/\\\/flamencomadrid.com\\\/es\\\/?s={search_term_string}\"},\"query-input\":{\"@type\":\"PropertyValueSpecification\",\"valueRequired\":true,\"valueName\":\"search_term_string\"}}],\"inLanguage\":\"es\"}]}<\/script>\n<!-- \/ Yoast SEO plugin. -->","yoast_head_json":{"title":"El traje de flamenca - Flamenco Madrid","robots":{"index":"index","follow":"follow","max-snippet":"max-snippet:-1","max-image-preview":"max-image-preview:large","max-video-preview":"max-video-preview:-1"},"canonical":"\/","og_locale":"es_ES","og_type":"article","og_title":"El traje de flamenca - Flamenco Madrid","og_description":"Los or\u00edgenes andaluces de este traje tradicional siguen presentes hoy en d\u00eda. Muchos de los dise\u00f1adores de moda flamenca se pueden encontrar en Andaluc\u00eda. Pero tranquila\u2026 Porque la vista panor\u00e1mica de la moda flamenca es enorme, y se propaga a otras ciudades. En Madrid puedes encontrar el vestido de flamenca que te vista de\u00a0luz y...","og_url":"https:\/\/flamencomadrid.com\/es\/encuentra-tu-traje-de-flamenca\/","og_site_name":"Flamenco Madrid","article_modified_time":"2024-01-23T12:27:58+00:00","og_image":[{"width":700,"height":400,"url":"https:\/\/flamencomadrid.com\/wp-content\/uploads\/2022\/05\/el-traje-de-flamenca.png","type":"image\/png"}],"twitter_card":"summary_large_image","twitter_misc":{"Tiempo de lectura":"2 minutos"},"schema":{"@context":"https:\/\/schema.org","@graph":[{"@type":"WebPage","@id":"https:\/\/flamencomadrid.com\/es\/encuentra-tu-traje-de-flamenca\/","url":"https:\/\/flamencomadrid.com\/es\/encuentra-tu-traje-de-flamenca\/","name":"El traje de flamenca - Flamenco Madrid","isPartOf":{"@id":"https:\/\/flamencomadrid.com\/es\/#website"},"primaryImageOfPage":{"@id":"https:\/\/flamencomadrid.com\/es\/encuentra-tu-traje-de-flamenca\/#primaryimage"},"image":{"@id":"https:\/\/flamencomadrid.com\/es\/encuentra-tu-traje-de-flamenca\/#primaryimage"},"thumbnailUrl":"https:\/\/flamencomadrid.com\/wp-content\/uploads\/2022\/05\/el-traje-de-flamenca.png","datePublished":"2022-04-30T09:10:42+00:00","dateModified":"2024-01-23T12:27:58+00:00","breadcrumb":{"@id":"https:\/\/flamencomadrid.com\/es\/encuentra-tu-traje-de-flamenca\/#breadcrumb"},"inLanguage":"es","potentialAction":[{"@type":"ReadAction","target":[["https:\/\/flamencomadrid.com\/es\/encuentra-tu-traje-de-flamenca\/"]]}]},{"@type":"ImageObject","inLanguage":"es","@id":"https:\/\/flamencomadrid.com\/es\/encuentra-tu-traje-de-flamenca\/#primaryimage","url":"https:\/\/flamencomadrid.com\/wp-content\/uploads\/2022\/05\/el-traje-de-flamenca.png","contentUrl":"https:\/\/flamencomadrid.com\/wp-content\/uploads\/2022\/05\/el-traje-de-flamenca.png","width":700,"height":400},{"@type":"BreadcrumbList","@id":"https:\/\/flamencomadrid.com\/es\/encuentra-tu-traje-de-flamenca\/#breadcrumb","itemListElement":[{"@type":"ListItem","position":1,"name":"Home","item":"https:\/\/flamencomadrid.com\/es\/"},{"@type":"ListItem","position":2,"name":"El traje de flamenca"}]},{"@type":"WebSite","@id":"https:\/\/flamencomadrid.com\/es\/#website","url":"https:\/\/flamencomadrid.com\/es\/","name":"Flamenco Madrid","description":"Otro sitio realizado con WordPress","potentialAction":[{"@type":"SearchAction","target":{"@type":"EntryPoint","urlTemplate":"https:\/\/flamencomadrid.com\/es\/?s={search_term_string}"},"query-input":{"@type":"PropertyValueSpecification","valueRequired":true,"valueName":"search_term_string"}}],"inLanguage":"es"}]}},"_links":{"self":[{"href":"https:\/\/flamencomadrid.com\/es\/wp-json\/wp\/v2\/pages\/154","targetHints":{"allow":["GET"]}}],"collection":[{"href":"https:\/\/flamencomadrid.com\/es\/wp-json\/wp\/v2\/pages"}],"about":[{"href":"https:\/\/flamencomadrid.com\/es\/wp-json\/wp\/v2\/types\/page"}],"author":[{"embeddable":true,"href":"https:\/\/flamencomadrid.com\/es\/wp-json\/wp\/v2\/users\/1"}],"replies":[{"embeddable":true,"href":"https:\/\/flamencomadrid.com\/es\/wp-json\/wp\/v2\/comments?post=154"}],"version-history":[{"count":9,"href":"https:\/\/flamencomadrid.com\/es\/wp-json\/wp\/v2\/pages\/154\/revisions"}],"predecessor-version":[{"id":1013,"href":"https:\/\/flamencomadrid.com\/es\/wp-json\/wp\/v2\/pages\/154\/revisions\/1013"}],"wp:featuredmedia":[{"embeddable":true,"href":"https:\/\/flamencomadrid.com\/es\/wp-json\/wp\/v2\/media\/390"}],"wp:attachment":[{"href":"https:\/\/flamencomadrid.com\/es\/wp-json\/wp\/v2\/media?parent=154"}],"curies":[{"name":"wp","href":"https:\/\/api.w.org\/{rel}","templated":true}]}}

<p>Los orígenes andaluces de este traje tradicional siguen presentes hoy en día. Muchos de los diseñadores de moda flamenca se pueden encontrar en Andalucía. Pero tranquila… Porque la vista panorámica de la moda flamenca es enorme, y se propaga a otras ciudades.</p>
<p>En Madrid puedes encontrar el vestido de flamenca que te vista de <strong>luz y alegría.</strong> Quizá sea un poco más complicado que en Andalucía, pero nosotros <strong>te lo vamos a poner fácil con estas sugerencias:</strong></p>

Los orígenes andaluces de este traje tradicional siguen presentes hoy en día. Muchos de los diseñadores de moda flamenca se pueden encontrar en Andalucía. Pero tranquila… Porque la vista panorámica de la moda flamenca es enorme, y se propaga a otras ciudades. En Madrid puedes encontrar el vestido de flamenca que te vista de luz y&#8230;

<!-- This site is optimized with the Yoast SEO plugin v27.4 - https://yoast.com/product/yoast-seo-wordpress/ -->
<title>El traje de flamenca - Flamenco Madrid</title>
<meta name="robots" content="index, follow, max-snippet:-1, max-image-preview:large, max-video-preview:-1" />
<link rel="canonical" href="/" />
<meta property="og:locale" content="es_ES" />
<meta property="og:type" content="article" />
<meta property="og:title" content="El traje de flamenca - Flamenco Madrid" />
<meta property="og:description" content="Los orígenes andaluces de este traje tradicional siguen presentes hoy en día. Muchos de los diseñadores de moda flamenca se pueden encontrar en Andalucía. Pero tranquila… Porque la vista panorámica de la moda flamenca es enorme, y se propaga a otras ciudades. En Madrid puedes encontrar el vestido de flamenca que te vista de luz y..." />
<meta property="og:url" content="https://flamencomadrid.com/es/encuentra-tu-traje-de-flamenca/" />
<meta property="og:site_name" content="Flamenco Madrid" />
<meta property="article:modified_time" content="2024-01-23T12:27:58+00:00" />
<meta property="og:image" content="https://flamencomadrid.com/wp-content/uploads/2022/05/el-traje-de-flamenca.png" />
	<meta property="og:image:width" content="700" />
	<meta property="og:image:height" content="400" />
	<meta property="og:image:type" content="image/png" />
<meta name="twitter:card" content="summary_large_image" />
<meta name="twitter:label1" content="Tiempo de lectura" />
	<meta name="twitter:data1" content="2 minutos" />
<script type="application/ld+json" class="yoast-schema-graph">{"@context":"https:\/\/schema.org","@graph":[{"@type":"WebPage","@id":"https:\/\/flamencomadrid.com\/es\/encuentra-tu-traje-de-flamenca\/","url":"https:\/\/flamencomadrid.com\/es\/encuentra-tu-traje-de-flamenca\/","name":"El traje de flamenca - Flamenco Madrid","isPartOf":{"@id":"https:\/\/flamencomadrid.com\/es\/#website"},"primaryImageOfPage":{"@id":"https:\/\/flamencomadrid.com\/es\/encuentra-tu-traje-de-flamenca\/#primaryimage"},"image":{"@id":"https:\/\/flamencomadrid.com\/es\/encuentra-tu-traje-de-flamenca\/#primaryimage"},"thumbnailUrl":"https:\/\/flamencomadrid.com\/wp-content\/uploads\/2022\/05\/el-traje-de-flamenca.png","datePublished":"2022-04-30T09:10:42+00:00","dateModified":"2024-01-23T12:27:58+00:00","breadcrumb":{"@id":"https:\/\/flamencomadrid.com\/es\/encuentra-tu-traje-de-flamenca\/#breadcrumb"},"inLanguage":"es","potentialAction":[{"@type":"ReadAction","target":[["https:\/\/flamencomadrid.com\/es\/encuentra-tu-traje-de-flamenca\/"]]}]},{"@type":"ImageObject","inLanguage":"es","@id":"https:\/\/flamencomadrid.com\/es\/encuentra-tu-traje-de-flamenca\/#primaryimage","url":"https:\/\/flamencomadrid.com\/wp-content\/uploads\/2022\/05\/el-traje-de-flamenca.png","contentUrl":"https:\/\/flamencomadrid.com\/wp-content\/uploads\/2022\/05\/el-traje-de-flamenca.png","width":700,"height":400},{"@type":"BreadcrumbList","@id":"https:\/\/flamencomadrid.com\/es\/encuentra-tu-traje-de-flamenca\/#breadcrumb","itemListElement":[{"@type":"ListItem","position":1,"name":"Home","item":"https:\/\/flamencomadrid.com\/es\/"},{"@type":"ListItem","position":2,"name":"El traje de flamenca"}]},{"@type":"WebSite","@id":"https:\/\/flamencomadrid.com\/es\/#website","url":"https:\/\/flamencomadrid.com\/es\/","name":"Flamenco Madrid","description":"Otro sitio realizado con WordPress","potentialAction":[{"@type":"SearchAction","target":{"@type":"EntryPoint","urlTemplate":"https:\/\/flamencomadrid.com\/es\/?s={search_term_string}"},"query-input":{"@type":"PropertyValueSpecification","valueRequired":true,"valueName":"search_term_string"}}],"inLanguage":"es"}]}</script>
<!-- / Yoast SEO plugin. -->

Los orígenes andaluces de este traje tradicional siguen presentes hoy en día. Muchos de los diseñadores de moda flamenca se pueden encontrar en Andalucía. Pero tranquila… Porque la vista panorámica de la moda flamenca es enorme, y se propaga a otras ciudades. En Madrid puedes encontrar el vestido de flamenca que te vista de luz y...
